{"id":121,"date":"2017-11-21T21:06:04","date_gmt":"2017-11-21T21:06:04","guid":{"rendered":"http:\/\/squipp.ch\/?page_id=121"},"modified":"2017-11-22T17:19:08","modified_gmt":"2017-11-22T17:19:08","slug":"meitlikleider","status":"publish","type":"page","link":"https:\/\/squipp.ch\/?page_id=121","title":{"rendered":"Meitlikleider"},"content":{"rendered":"<p>&nbsp;<\/p>\n<div id='gallery-1' class='gallery galleryid-121 gallery-columns-4 gallery-size-medium'><figure class='gallery-item'>\n\t\t\t<div class='gallery-icon portrait'>\n\t\t\t\t<a href='https:\/\/squipp.ch\/wp-content\/uploads\/2017\/11\/IMG_7609-e1511299064531.jpg'><img loading=\"lazy\" decoding=\"async\" width=\"169\" height=\"300\" src=\"https:\/\/squipp.ch\/wp-content\/uploads\/2017\/11\/IMG_7609-e1511299064531-169x300.jpg\" class=\"attachment-medium size-medium\" alt=\"\" aria-describedby=\"gallery-1-44\" srcset=\"https:\/\/squipp.ch\/wp-content\/uploads\/2017\/11\/IMG_7609-e1511299064531-169x300.jpg 169w, https:\/\/squipp.ch\/wp-content\/uploads\/2017\/11\/IMG_7609-e1511299064531-768x1365.jpg 768w, https:\/\/squipp.ch\/wp-content\/uploads\/2017\/11\/IMG_7609-e1511299064531-576x1024.jpg 576w, https:\/\/squipp.ch\/wp-content\/uploads\/2017\/11\/IMG_7609-e1511299064531.jpg 1080w\" sizes=\"auto, 100vw\" \/><\/a>\n\t\t\t<\/div>\n\t\t\t\t<figcaption class='wp-caption-text gallery-caption' id='gallery-1-44'>\n\t\t\t\tSoftshel- Jagg\u00e4\n\t\t\t\t<\/figcaption><\/figure><figure class='gallery-item'>\n\t\t\t<div class='gallery-icon portrait'>\n\t\t\t\t<a href='https:\/\/squipp.ch\/wp-content\/uploads\/2017\/11\/IMG_7080-e1511296747831.jpg'><img loading=\"lazy\" decoding=\"async\" width=\"225\" height=\"300\" src=\"https:\/\/squipp.ch\/wp-content\/uploads\/2017\/11\/IMG_7080-e1511296747831-225x300.jpg\" class=\"attachment-medium size-medium\" alt=\"\" aria-describedby=\"gallery-1-34\" srcset=\"https:\/\/squipp.ch\/wp-content\/uploads\/2017\/11\/IMG_7080-e1511296747831-225x300.jpg 225w, https:\/\/squipp.ch\/wp-content\/uploads\/2017\/11\/IMG_7080-e1511296747831-768x1024.jpg 768w\" sizes=\"auto, 100vw\" \/><\/a>\n\t\t\t<\/div>\n\t\t\t\t<figcaption class='wp-caption-text gallery-caption' id='gallery-1-34'>\n\t\t\t\tKuschel Overal\n\t\t\t\t<\/figcaption><\/figure><figure class='gallery-item'>\n\t\t\t<div class='gallery-icon portrait'>\n\t\t\t\t<a href='https:\/\/squipp.ch\/wp-content\/uploads\/2017\/11\/IMG_3678-e1511296692229.jpg'><img loading=\"lazy\" decoding=\"async\" width=\"225\" height=\"300\" src=\"https:\/\/squipp.ch\/wp-content\/uploads\/2017\/11\/IMG_3678-e1511296692229-225x300.jpg\" class=\"attachment-medium size-medium\" alt=\"\" aria-describedby=\"gallery-1-69\" srcset=\"https:\/\/squipp.ch\/wp-content\/uploads\/2017\/11\/IMG_3678-e1511296692229-225x300.jpg 225w, https:\/\/squipp.ch\/wp-content\/uploads\/2017\/11\/IMG_3678-e1511296692229-768x1024.jpg 768w\" sizes=\"auto, 100vw\" \/><\/a>\n\t\t\t<\/div>\n\t\t\t\t<figcaption class='wp-caption-text gallery-caption' id='gallery-1-69'>\n\t\t\t\tBallonkleid\n\t\t\t\t<\/figcaption><\/figure><figure class='gallery-item'>\n\t\t\t<div class='gallery-icon portrait'>\n\t\t\t\t<a href='https:\/\/squipp.ch\/wp-content\/uploads\/2017\/11\/IMG_8803-e1511296715738.jpg'><img loading=\"lazy\" decoding=\"async\" width=\"225\" height=\"300\" src=\"https:\/\/squipp.ch\/wp-content\/uploads\/2017\/11\/IMG_8803-e1511296715738-225x300.jpg\" class=\"attachment-medium size-medium\" alt=\"\" aria-describedby=\"gallery-1-59\" srcset=\"https:\/\/squipp.ch\/wp-content\/uploads\/2017\/11\/IMG_8803-e1511296715738-225x300.jpg 225w, https:\/\/squipp.ch\/wp-content\/uploads\/2017\/11\/IMG_8803-e1511296715738-768x1024.jpg 768w\" sizes=\"auto, 100vw\" \/><\/a>\n\t\t\t<\/div>\n\t\t\t\t<figcaption class='wp-caption-text gallery-caption' id='gallery-1-59'>\n\t\t\t\tBallonkleid\n\t\t\t\t<\/figcaption><\/figure><figure class='gallery-item'>\n\t\t\t<div class='gallery-icon portrait'>\n\t\t\t\t<a href='https:\/\/squipp.ch\/wp-content\/uploads\/2017\/11\/IMG_5732-e1511345503866.jpg'><img loading=\"lazy\" decoding=\"async\" width=\"225\" height=\"300\" src=\"https:\/\/squipp.ch\/wp-content\/uploads\/2017\/11\/IMG_5732-e1511345503866-225x300.jpg\" class=\"attachment-medium size-medium\" alt=\"\" aria-describedby=\"gallery-1-198\" srcset=\"https:\/\/squipp.ch\/wp-content\/uploads\/2017\/11\/IMG_5732-e1511345503866-225x300.jpg 225w, https:\/\/squipp.ch\/wp-content\/uploads\/2017\/11\/IMG_5732-e1511345503866-768x1024.jpg 768w\" sizes=\"auto, 100vw\" \/><\/a>\n\t\t\t<\/div>\n\t\t\t\t<figcaption class='wp-caption-text gallery-caption' id='gallery-1-198'>\n\t\t\t\tSweatr\u00f6ckli mit durchgehnder T\u00e4sch\u00e4\n\t\t\t\t<\/figcaption><\/figure><figure class='gallery-item'>\n\t\t\t<div class='gallery-icon portrait'>\n\t\t\t\t<a href='https:\/\/squipp.ch\/wp-content\/uploads\/2017\/11\/IMG_5731-e1511345509535.jpg'><img loading=\"lazy\" decoding=\"async\" width=\"225\" height=\"300\" src=\"https:\/\/squipp.ch\/wp-content\/uploads\/2017\/11\/IMG_5731-e1511345509535-225x300.jpg\" class=\"attachment-medium size-medium\" alt=\"\" aria-describedby=\"gallery-1-197\" srcset=\"https:\/\/squipp.ch\/wp-content\/uploads\/2017\/11\/IMG_5731-e1511345509535-225x300.jpg 225w, https:\/\/squipp.ch\/wp-content\/uploads\/2017\/11\/IMG_5731-e1511345509535-768x1024.jpg 768w\" sizes=\"auto, 100vw\" \/><\/a>\n\t\t\t<\/div>\n\t\t\t\t<figcaption class='wp-caption-text gallery-caption' id='gallery-1-197'>\n\t\t\t\tSweatr\u00f6ckli mit durchgehnder T\u00e4sch\u00e4\n\t\t\t\t<\/figcaption><\/figure><figure class='gallery-item'>\n\t\t\t<div class='gallery-icon portrait'>\n\t\t\t\t<a href='https:\/\/squipp.ch\/wp-content\/uploads\/2017\/11\/IMG_5730-e1511345516615.jpg'><img loading=\"lazy\" decoding=\"async\" width=\"225\" height=\"300\" src=\"https:\/\/squipp.ch\/wp-content\/uploads\/2017\/11\/IMG_5730-e1511345516615-225x300.jpg\" class=\"attachment-medium size-medium\" alt=\"\" aria-describedby=\"gallery-1-196\" srcset=\"https:\/\/squipp.ch\/wp-content\/uploads\/2017\/11\/IMG_5730-e1511345516615-225x300.jpg 225w, https:\/\/squipp.ch\/wp-content\/uploads\/2017\/11\/IMG_5730-e1511345516615-768x1024.jpg 768w\" sizes=\"auto, 100vw\" \/><\/a>\n\t\t\t<\/div>\n\t\t\t\t<figcaption class='wp-caption-text gallery-caption' id='gallery-1-196'>\n\t\t\t\tSweatr\u00f6ckli mit durchgehnder T\u00e4sch\u00e4\n\t\t\t\t<\/figcaption><\/figure><figure class='gallery-item'>\n\t\t\t<div class='gallery-icon portrait'>\n\t\t\t\t<a href='https:\/\/squipp.ch\/wp-content\/uploads\/2017\/11\/IMG_5729-e1511345559923.jpg'><img loading=\"lazy\" decoding=\"async\" width=\"225\" height=\"300\" src=\"https:\/\/squipp.ch\/wp-content\/uploads\/2017\/11\/IMG_5729-e1511345559923-225x300.jpg\" class=\"attachment-medium size-medium\" alt=\"\" aria-describedby=\"gallery-1-195\" srcset=\"https:\/\/squipp.ch\/wp-content\/uploads\/2017\/11\/IMG_5729-e1511345559923-225x300.jpg 225w, https:\/\/squipp.ch\/wp-content\/uploads\/2017\/11\/IMG_5729-e1511345559923-768x1024.jpg 768w\" sizes=\"auto, 100vw\" \/><\/a>\n\t\t\t<\/div>\n\t\t\t\t<figcaption class='wp-caption-text gallery-caption' id='gallery-1-195'>\n\t\t\t\tSweatr\u00f6ckli mit durchgehnder T\u00e4sch\u00e4\n\t\t\t\t<\/figcaption><\/figure><figure class='gallery-item'>\n\t\t\t<div class='gallery-icon portrait'>\n\t\t\t\t<a href='https:\/\/squipp.ch\/wp-content\/uploads\/2017\/11\/IMG_5728-e1511345566142.jpg'><img loading=\"lazy\" decoding=\"async\" width=\"225\" height=\"300\" src=\"https:\/\/squipp.ch\/wp-content\/uploads\/2017\/11\/IMG_5728-e1511345566142-225x300.jpg\" class=\"attachment-medium size-medium\" alt=\"\" aria-describedby=\"gallery-1-194\" srcset=\"https:\/\/squipp.ch\/wp-content\/uploads\/2017\/11\/IMG_5728-e1511345566142-225x300.jpg 225w, https:\/\/squipp.ch\/wp-content\/uploads\/2017\/11\/IMG_5728-e1511345566142-768x1024.jpg 768w\" sizes=\"auto, 100vw\" \/><\/a>\n\t\t\t<\/div>\n\t\t\t\t<figcaption class='wp-caption-text gallery-caption' id='gallery-1-194'>\n\t\t\t\tSweatr\u00f6ckli mit durchgehnder T\u00e4sch\u00e4\n\t\t\t\t<\/figcaption><\/figure><figure class='gallery-item'>\n\t\t\t<div class='gallery-icon portrait'>\n\t\t\t\t<a href='https:\/\/squipp.ch\/wp-content\/uploads\/2017\/11\/IMG_8235-e1511297988742.jpg'><img loading=\"lazy\" decoding=\"async\" width=\"225\" height=\"300\" src=\"https:\/\/squipp.ch\/wp-content\/uploads\/2017\/11\/IMG_8235-e1511297988742-225x300.jpg\" class=\"attachment-medium size-medium\" alt=\"\" aria-describedby=\"gallery-1-49\" srcset=\"https:\/\/squipp.ch\/wp-content\/uploads\/2017\/11\/IMG_8235-e1511297988742-225x300.jpg 225w, https:\/\/squipp.ch\/wp-content\/uploads\/2017\/11\/IMG_8235-e1511297988742-768x1024.jpg 768w\" sizes=\"auto, 100vw\" \/><\/a>\n\t\t\t<\/div>\n\t\t\t\t<figcaption class='wp-caption-text gallery-caption' id='gallery-1-49'>\n\t\t\t\tSummerrock mit churzer Hose\n\t\t\t\t<\/figcaption><\/figure><figure class='gallery-item'>\n\t\t\t<div class='gallery-icon landscape'>\n\t\t\t\t<a href='https:\/\/squipp.ch\/wp-content\/uploads\/2017\/11\/IMG_8234.jpg'><img loading=\"lazy\" decoding=\"async\" width=\"300\" height=\"225\" src=\"https:\/\/squipp.ch\/wp-content\/uploads\/2017\/11\/IMG_8234-300x225.jpg\" class=\"attachment-medium size-medium\" alt=\"\" aria-describedby=\"gallery-1-48\" srcset=\"https:\/\/squipp.ch\/wp-content\/uploads\/2017\/11\/IMG_8234-300x225.jpg 300w, https:\/\/squipp.ch\/wp-content\/uploads\/2017\/11\/IMG_8234-768x576.jpg 768w, https:\/\/squipp.ch\/wp-content\/uploads\/2017\/11\/IMG_8234-1024x768.jpg 1024w\" sizes=\"auto, 100vw\" \/><\/a>\n\t\t\t<\/div>\n\t\t\t\t<figcaption class='wp-caption-text gallery-caption' id='gallery-1-48'>\n\t\t\t\tSummerrock mit churzer Hose\n\t\t\t\t<\/figcaption><\/figure><figure class='gallery-item'>\n\t\t\t<div class='gallery-icon landscape'>\n\t\t\t\t<a href='https:\/\/squipp.ch\/wp-content\/uploads\/2017\/11\/IMG_8238.jpg'><img loading=\"lazy\" decoding=\"async\" width=\"300\" height=\"225\" src=\"https:\/\/squipp.ch\/wp-content\/uploads\/2017\/11\/IMG_8238-300x225.jpg\" class=\"attachment-medium size-medium\" alt=\"\" aria-describedby=\"gallery-1-50\" srcset=\"https:\/\/squipp.ch\/wp-content\/uploads\/2017\/11\/IMG_8238-300x225.jpg 300w, https:\/\/squipp.ch\/wp-content\/uploads\/2017\/11\/IMG_8238-768x576.jpg 768w, https:\/\/squipp.ch\/wp-content\/uploads\/2017\/11\/IMG_8238-1024x768.jpg 1024w\" sizes=\"auto, 100vw\" \/><\/a>\n\t\t\t<\/div>\n\t\t\t\t<figcaption class='wp-caption-text gallery-caption' id='gallery-1-50'>\n\t\t\t\tSummerrock mit churzer Hose\n\t\t\t\t<\/figcaption><\/figure><figure class='gallery-item'>\n\t\t\t<div class='gallery-icon landscape'>\n\t\t\t\t<a href='https:\/\/squipp.ch\/wp-content\/uploads\/2017\/11\/IMG_8239.jpg'><img loading=\"lazy\" decoding=\"async\" width=\"300\" height=\"225\" src=\"https:\/\/squipp.ch\/wp-content\/uploads\/2017\/11\/IMG_8239-300x225.jpg\" class=\"attachment-medium size-medium\" alt=\"\" aria-describedby=\"gallery-1-51\" srcset=\"https:\/\/squipp.ch\/wp-content\/uploads\/2017\/11\/IMG_8239-300x225.jpg 300w, https:\/\/squipp.ch\/wp-content\/uploads\/2017\/11\/IMG_8239-768x576.jpg 768w, https:\/\/squipp.ch\/wp-content\/uploads\/2017\/11\/IMG_8239-1024x768.jpg 1024w\" sizes=\"auto, 100vw\" \/><\/a>\n\t\t\t<\/div>\n\t\t\t\t<figcaption class='wp-caption-text gallery-caption' id='gallery-1-51'>\n\t\t\t\tSummerrock mit churzer Hose\n\t\t\t\t<\/figcaption><\/figure><figure class='gallery-item'>\n\t\t\t<div class='gallery-icon landscape'>\n\t\t\t\t<a href='https:\/\/squipp.ch\/wp-content\/uploads\/2017\/11\/IMG_8243.jpg'><img loading=\"lazy\" decoding=\"async\" width=\"300\" height=\"225\" src=\"https:\/\/squipp.ch\/wp-content\/uploads\/2017\/11\/IMG_8243-300x225.jpg\" class=\"attachment-medium size-medium\" alt=\"\" aria-describedby=\"gallery-1-55\" srcset=\"https:\/\/squipp.ch\/wp-content\/uploads\/2017\/11\/IMG_8243-300x225.jpg 300w, https:\/\/squipp.ch\/wp-content\/uploads\/2017\/11\/IMG_8243-768x576.jpg 768w, https:\/\/squipp.ch\/wp-content\/uploads\/2017\/11\/IMG_8243-1024x768.jpg 1024w\" sizes=\"auto, 100vw\" \/><\/a>\n\t\t\t<\/div>\n\t\t\t\t<figcaption class='wp-caption-text gallery-caption' id='gallery-1-55'>\n\t\t\t\tSummerrock mit churzer Hose\n\t\t\t\t<\/figcaption><\/figure><figure class='gallery-item'>\n\t\t\t<div class='gallery-icon landscape'>\n\t\t\t\t<a href='https:\/\/squipp.ch\/wp-content\/uploads\/2017\/11\/IMG_8242.jpg'><img loading=\"lazy\" decoding=\"async\" width=\"300\" height=\"225\" src=\"https:\/\/squipp.ch\/wp-content\/uploads\/2017\/11\/IMG_8242-300x225.jpg\" class=\"attachment-medium size-medium\" alt=\"\" aria-describedby=\"gallery-1-54\" srcset=\"https:\/\/squipp.ch\/wp-content\/uploads\/2017\/11\/IMG_8242-300x225.jpg 300w, https:\/\/squipp.ch\/wp-content\/uploads\/2017\/11\/IMG_8242-768x576.jpg 768w, https:\/\/squipp.ch\/wp-content\/uploads\/2017\/11\/IMG_8242-1024x768.jpg 1024w\" sizes=\"auto, 100vw\" \/><\/a>\n\t\t\t<\/div>\n\t\t\t\t<figcaption class='wp-caption-text gallery-caption' id='gallery-1-54'>\n\t\t\t\tSummerrock mit churzer Hose\n\t\t\t\t<\/figcaption><\/figure><figure class='gallery-item'>\n\t\t\t<div class='gallery-icon landscape'>\n\t\t\t\t<a href='https:\/\/squipp.ch\/wp-content\/uploads\/2017\/11\/IMG_8240.jpg'><img loading=\"lazy\" decoding=\"async\" width=\"300\" height=\"225\" src=\"https:\/\/squipp.ch\/wp-content\/uploads\/2017\/11\/IMG_8240-300x225.jpg\" class=\"attachment-medium size-medium\" alt=\"\" aria-describedby=\"gallery-1-52\" srcset=\"https:\/\/squipp.ch\/wp-content\/uploads\/2017\/11\/IMG_8240-300x225.jpg 300w, https:\/\/squipp.ch\/wp-content\/uploads\/2017\/11\/IMG_8240-768x576.jpg 768w, https:\/\/squipp.ch\/wp-content\/uploads\/2017\/11\/IMG_8240-1024x768.jpg 1024w\" sizes=\"auto, 100vw\" \/><\/a>\n\t\t\t<\/div>\n\t\t\t\t<figcaption class='wp-caption-text gallery-caption' id='gallery-1-52'>\n\t\t\t\tSummerrock mit churzer Hose\n\t\t\t\t<\/figcaption><\/figure><figure class='gallery-item'>\n\t\t\t<div class='gallery-icon landscape'>\n\t\t\t\t<a href='https:\/\/squipp.ch\/wp-content\/uploads\/2017\/11\/IMG_8241.jpg'><img loading=\"lazy\" decoding=\"async\" width=\"300\" height=\"225\" src=\"https:\/\/squipp.ch\/wp-content\/uploads\/2017\/11\/IMG_8241-300x225.jpg\" class=\"attachment-medium size-medium\" alt=\"\" aria-describedby=\"gallery-1-53\" srcset=\"https:\/\/squipp.ch\/wp-content\/uploads\/2017\/11\/IMG_8241-300x225.jpg 300w, https:\/\/squipp.ch\/wp-content\/uploads\/2017\/11\/IMG_8241-768x576.jpg 768w, https:\/\/squipp.ch\/wp-content\/uploads\/2017\/11\/IMG_8241-1024x768.jpg 1024w\" sizes=\"auto, 100vw\" \/><\/a>\n\t\t\t<\/div>\n\t\t\t\t<figcaption class='wp-caption-text gallery-caption' id='gallery-1-53'>\n\t\t\t\tSummerrock mit churzer Hose\n\t\t\t\t<\/figcaption><\/figure><figure class='gallery-item'>\n\t\t\t<div class='gallery-icon portrait'>\n\t\t\t\t<a href='https:\/\/squipp.ch\/wp-content\/uploads\/2017\/11\/IMG_5472-e1511345805821.jpg'><img loading=\"lazy\" decoding=\"async\" width=\"225\" height=\"300\" src=\"https:\/\/squipp.ch\/wp-content\/uploads\/2017\/11\/IMG_5472-e1511345805821-225x300.jpg\" class=\"attachment-medium size-medium\" alt=\"\" srcset=\"https:\/\/squipp.ch\/wp-content\/uploads\/2017\/11\/IMG_5472-e1511345805821-225x300.jpg 225w, https:\/\/squipp.ch\/wp-content\/uploads\/2017\/11\/IMG_5472-e1511345805821-768x1024.jpg 768w\" sizes=\"auto, 100vw\" \/><\/a>\n\t\t\t<\/div><\/figure><figure class='gallery-item'>\n\t\t\t<div class='gallery-icon portrait'>\n\t\t\t\t<a href='https:\/\/squipp.ch\/wp-content\/uploads\/2017\/11\/IMG_5473-e1511345814836.jpg'><img loading=\"lazy\" decoding=\"async\" width=\"225\" height=\"300\" src=\"https:\/\/squipp.ch\/wp-content\/uploads\/2017\/11\/IMG_5473-e1511345814836-225x300.jpg\" class=\"attachment-medium size-medium\" alt=\"\" srcset=\"https:\/\/squipp.ch\/wp-content\/uploads\/2017\/11\/IMG_5473-e1511345814836-225x300.jpg 225w, https:\/\/squipp.ch\/wp-content\/uploads\/2017\/11\/IMG_5473-e1511345814836-768x1024.jpg 768w\" sizes=\"auto, 100vw\" \/><\/a>\n\t\t\t<\/div><\/figure><figure class='gallery-item'>\n\t\t\t<div class='gallery-icon portrait'>\n\t\t\t\t<a href='https:\/\/squipp.ch\/wp-content\/uploads\/2017\/11\/IMG_5795-e1511369377448.jpg'><img loading=\"lazy\" decoding=\"async\" width=\"225\" height=\"300\" src=\"https:\/\/squipp.ch\/wp-content\/uploads\/2017\/11\/IMG_5795-e1511369377448-225x300.jpg\" class=\"attachment-medium size-medium\" alt=\"\" srcset=\"https:\/\/squipp.ch\/wp-content\/uploads\/2017\/11\/IMG_5795-e1511369377448-225x300.jpg 225w, https:\/\/squipp.ch\/wp-content\/uploads\/2017\/11\/IMG_5795-e1511369377448-768x1024.jpg 768w\" sizes=\"auto, 100vw\" \/><\/a>\n\t\t\t<\/div><\/figure><figure class='gallery-item'>\n\t\t\t<div class='gallery-icon landscape'>\n\t\t\t\t<a href='https:\/\/squipp.ch\/wp-content\/uploads\/2017\/11\/IMG_6047.jpg'><img loading=\"lazy\" decoding=\"async\" width=\"300\" height=\"225\" src=\"https:\/\/squipp.ch\/wp-content\/uploads\/2017\/11\/IMG_6047-300x225.jpg\" class=\"attachment-medium size-medium\" alt=\"\" srcset=\"https:\/\/squipp.ch\/wp-content\/uploads\/2017\/11\/IMG_6047-300x225.jpg 300w, https:\/\/squipp.ch\/wp-content\/uploads\/2017\/11\/IMG_6047-768x576.jpg 768w, https:\/\/squipp.ch\/wp-content\/uploads\/2017\/11\/IMG_6047-1024x768.jpg 1024w\" sizes=\"auto, 100vw\" \/><\/a>\n\t\t\t<\/div><\/figure>\n\t\t<\/div>\n\n","protected":false},"excerpt":{"rendered":"<p>&nbsp;<\/p>\n","protected":false},"author":2,"featured_media":0,"parent":0,"menu_order":0,"comment_status":"closed","ping_status":"closed","template":"","meta":{"footnotes":""},"class_list":["post-121","page","type-page","status-publish","hentry"],"_links":{"self":[{"href":"https:\/\/squipp.ch\/index.php?rest_route=\/wp\/v2\/pages\/121","targetHints":{"allow":["GET"]}}],"collection":[{"href":"https:\/\/squipp.ch\/index.php?rest_route=\/wp\/v2\/pages"}],"about":[{"href":"https:\/\/squipp.ch\/index.php?rest_route=\/wp\/v2\/types\/page"}],"author":[{"embeddable":true,"href":"https:\/\/squipp.ch\/index.php?rest_route=\/wp\/v2\/users\/2"}],"replies":[{"embeddable":true,"href":"https:\/\/squipp.ch\/index.php?rest_route=%2Fwp%2Fv2%2Fcomments&post=121"}],"version-history":[{"count":15,"href":"https:\/\/squipp.ch\/index.php?rest_route=\/wp\/v2\/pages\/121\/revisions"}],"predecessor-version":[{"id":225,"href":"https:\/\/squipp.ch\/index.php?rest_route=\/wp\/v2\/pages\/121\/revisions\/225"}],"wp:attachment":[{"href":"https:\/\/squipp.ch\/index.php?rest_route=%2Fwp%2Fv2%2Fmedia&parent=121"}],"curies":[{"name":"wp","href":"https:\/\/api.w.org\/{rel}","templated":true}]}}